3 is divided by 1411.
1408
Calculate the remainder when 153321629 is divided by 60079.
21
Calculate the remainder when 229703 is divided by 1030.
13
Calculate the remainder when 19961754 is divided by 226838.
10
What is the remainder when 7054413 is divided by 56433?
288
What is the remainder when 425840 is divided by 561?
41
Calculate the remainder when 1649122 is divided by 603.
520
Calculate the remainder when 85091 is divided by 34.
23
What is the remainder when 416343 is divided by 32024?
31
Calculate the remainder when 4509787 is divided by 29.
26
What is the remainder when 2010274 is divided by 372?
358
What is the remainder when 77024 is divided by 77014?
10
What is the remainder when 1665441 is divided by 333065?
116
What is the remainder when 457115271 is divided by 14322?
14319
Calculate the remainder when 235301 is divided by 58763.
249
Calculate the remainder when 56476053 is divided by 11.
7
What is the remainder when 70941 is divided by 22712?
2805
What is the remainder when 532839 is divided by 382?
331
What is the remainder when 31783319 is divided by 360?
359
Calculate the remainder when 5215257 is divided by 521520.
57
Calculate the remainder when 65929384 is divided by 76.
68
What is the remainder when 27319 is divided by 13594?
131
What is the remainder when 3408168 is divided by 254?
250
What is the remainder when 1177958 is divided by 1202?
1200
Calculate the remainder when 3318313 is divided by 766.
1
Calculate the remainder when 18982 is divided by 7113.
4756
Calculate the remainder when 297867 is divided by 297763.
104
What is the remainder when 360908037 is divided by 40?
37
Calculate the remainder when 305336 is divided by 50879.
62
What is the remainder when 146301 is divided by 146079?
222
What is the remainder when 20184669 is divided by 525?
519
Calculate the remainder when 206918 is divided by 10888.
46
What is the remainder when 556144 is divided by 4059?
61
Calculate the remainder when 406665 is divided by 81274.
295
What is the remainder when 41811246 is divided by 39?
9
What is the remainder when 16076 is divided by 7869?
338
What is the remainder when 2111853355 is divided by 9?
7
What is the remainder when 8012197 is divided by 70?
67
Calculate the remainder when 3921608 is divided by 2752.
8
Calculate the remainder when 19357 is divided by 206.
199
What is the remainder when 2998098 is divided by 4383?
126
Calculate the remainder when 120465 is divided by 400.
65
Calculate the remainder when 39303 is divided by 38058.
1245
What is the remainder when 45447 is divided by 4278?
2667
Calculate the remainder when 15478252 is divided by 439.
429
Calculate the remainder when 67240 is divided by 11.
8
What is the remainder when 52365516 is divided by 7909?
27
Calculate the remainder when 393880 is divided by 594.
58
What is the remainder when 5370834 is divided by 7607?
292
What is the remainder when 28688516 is divided by 1428?
1424
Calculate the remainder when 3329945 is divided by 3932.
3473
What is the remainder when 52409306 is divided by 226880?
26
What is the remainder when 237210434 is divided by 88?
10
Calculate the remainder when 107940216 is divided by 358.
352
Calculate the remainder when 921966 is divided by 5766.
5172
What is the remainder when 219404 is divided by 2853?
2576
Calculate the remainder when 387254 is divided by 126281.
8411
Calculate the remainder when 2532251171 is divided by 283.
282
Calculate the remainder when 1692581 is divided by 1203.
1163
Calculate the remainder when 1303752 is divided by 7627.
7162
Calculate the remainder when 26128 is divided by 4206.
892
What is the remainder when 147842 is divided by 465?
437
What is the remainder when 1123339 is divided by 345?
19
Calculate the remainder when 7477481 is divided by 498497.
26
What is the remainder when 1201277 is divided by 20021?
17
Calculate the remainder when 13503695 is divided by 2.
1
What is the remainder when 216597 is divided by 968?
733
Calculate the remainder when 7865062 is divided by 1018.
1012
Calculate the remainder when 270908 is divided by 9.
8
What is the remainder when 4168343 is divided by 37?
34
What is the remainder when 1515003 is divided by 911?
10
Calculate the remainder when 553079 is divided by 1475.
1429
Calculate the remainder when 14134267 is divided by 67306.
7
Calculate the remainder when 40612560 is divided by 27057.
3
What is the remainder when 23707676 is divided by 40?
36
What is the remainder when 189752 is divided by 4635?
4352
What is the remainder when 1723698 is divided by 574385?
543
Calculate the remainder when 10286403 is divided by 10286403.
0
Calculate the remainder when 223300 is divided by 4135.
10
What is the remainder when 5726462 is divided by 425?
12
What is the remainder when 1552548 is divided by 917?
67
Calculate the remainder when 97150 is divided by 66.
64
What is the remainder when 255567 is divided by 673?
500
Calculate the remainder when 99899092 is divided by 591.
589
Calculate the remainder when 5139473 is divided by 2497.
647
Calculate the remainder when 726216 is divided by 105.
36
What is the remainder when 7113065 is divided by 463?
459
What is the remainder when 126807 is divided by 31692?
39
What is the remainder when 20736219 is divided by 788?
787
What is the remainder when 6198338 is divided by 40512?
2
Calculate the remainder when 28575138 is divided by 110.
108
What is the remainder when 670757251 is divided by 234?
229
Calculate the remainder when 330907 is divided by 16537.
167
Calculate the remainder when 4685 is divided by 568.
141
Calculate the remainder when 509151 is divided by 1532.
527
What is the remainder when 6462542 is divided by 382?
248
Calculate the remainder when 153330 is divided by 572.
34
Calculate the remainder when 694845 is divided by 3080.
1845
Calculate the remainder when 318485 is divided by 3414.
983
What is the remainder when 1720227 is divided by 78177?
333
What is the remainder when 228338591 is divided by 140?
131
What is the remainder when 7018400 is divided by 2339416?
152
What is the remainder when 102156 is divided by 280?
236
Calculate the remainder when 2448652 is divided by 6061.
8
Calculate the remainder when 13242905 is divided by 1444.
1425
Calculate the remainder when 57008 is divided by 9491.
62
Calculate the remainder when 1334709 is divided by 181.
15
Calculate the remainder when 238159 is divided by 430.
369
What is the remainder when 95582 is divided by 189?
137
What is the remainder when 542867 is divided by 401?
314
Calculate the remainder when 55674717 is divided by 1943.
1938
What is the remainder when 332375 is divided by 329929?
2446
Calculate the remainder when 85734 is divided by 1246.
1006
Calculate the remainder when 375227 is divided by 62.
3
What is the remainder when 30401185 is divided by 10133708?
61
Calculate the remainder when 5228849 is divided by 101.
79
Calculate the remainder when 3735 is divided by 659.
440
Calculate the remainder when 9268518 is divided by 3334.
3332
What is the remainder when 46260772 is divided by 57?
28
What is the remainder when 130173 is divided by 3892?
1737
Calculate the remainder when 79287494 is divided by 30.
14
What is the remainder when 343302 is divided by 60?
42
What is the remainder when 10286741 is divided by 613?
601
Calculate the remainder when 20722341 is divided by 43.
39
What is the remainder when 89975 is divided by 29480?
1535
What is the remainder when 873948 is divided by 291314?
6
Calculate the remainder when 3661 is divided by 2554.
1107
Calculate the remainder when 21166494 is divided by 27998.
6
Calculate the remainder when 683641506 is divided by 7390.
7386
What is the remainder when 120435 is divided by 24067?
100
What is the remainder when 174886021 is divided by 3543?
3541
Calculate the remainder when 195985 is divided by 96429.
3127
Calculate the remainder when 223967102 is divided by 746.
744
Calculate the remainder when 57383917 is divided by 1220.
1217
What is the remainder when 10735002 is divided by 12?
6
Calculate the remainder when 416188 is divided by 77.
3
What is the remainder when 110129 is divided by 4959?
1031
Calculate the remainder when 165774 is divided by 23565.
819
Calculate the remainder when 908292 is divided